{"id":180,"date":"2020-03-02T21:54:25","date_gmt":"2020-03-02T19:54:25","guid":{"rendered":"http:\/\/www2.matikaiset.fi\/wordpress\/?page_id=180"},"modified":"2023-05-05T09:27:06","modified_gmt":"2023-05-05T06:27:06","slug":"onnitteluita","status":"publish","type":"page","link":"https:\/\/www.matikaiset.fi\/matikaiset\/?page_id=180","title":{"rendered":"Onnitteluita"},"content":{"rendered":"\n<figure class=\"wp-block-gallery has-nested-images columns-2 is-cropped wp-block-gallery-1 is-layout-flex wp-block-gallery-is-layout-flex\">\n<figure class=\"wp-block-image size-large\"><img loading=\"lazy\" decoding=\"async\" width=\"480\" height=\"640\" data-id=\"181\" src=\"https:\/\/www.matikaiset.fi\/matikaiset\/wp-content\/uploads\/2020\/03\/Sirpan-lapsenlapsi.jpg\" alt=\"\" class=\"wp-image-181\" srcset=\"https:\/\/www.matikaiset.fi\/matikaiset\/wp-content\/uploads\/2020\/03\/Sirpan-lapsenlapsi.jpg 480w, https:\/\/www.matikaiset.fi\/matikaiset\/wp-content\/uploads\/2020\/03\/Sirpan-lapsenlapsi-225x300.jpg 225w\" sizes=\"auto, (max-width: 480px) 100vw, 480px\" \/><figcaption class=\"wp-element-caption\">2.3.2015 syntyi Kustaa Matikaisen pojan Otto Matikaisen tytt\u00e4ren tytt\u00e4ren tyt\u00e4r. H\u00e4n  on enonsa Riston syliss\u00e4.<\/figcaption><\/figure>\n\n\n\n<figure class=\"wp-block-image size-large\"><img loading=\"lazy\" decoding=\"async\" width=\"1024\" height=\"768\" data-id=\"182\" src=\"https:\/\/www.matikaiset.fi\/matikaiset\/wp-content\/uploads\/2020\/03\/ArviIivariKonstaIkonen-1024x768.jpg\" alt=\"\" class=\"wp-image-182\" srcset=\"https:\/\/www.matikaiset.fi\/matikaiset\/wp-content\/uploads\/2020\/03\/ArviIivariKonstaIkonen-1024x768.jpg 1024w, https:\/\/www.matikaiset.fi\/matikaiset\/wp-content\/uploads\/2020\/03\/ArviIivariKonstaIkonen-300x225.jpg 300w, https:\/\/www.matikaiset.fi\/matikaiset\/wp-content\/uploads\/2020\/03\/ArviIivariKonstaIkonen-768x576.jpg 768w, https:\/\/www.matikaiset.fi\/matikaiset\/wp-content\/uploads\/2020\/03\/ArviIivariKonstaIkonen-1536x1152.jpg 1536w, https:\/\/www.matikaiset.fi\/matikaiset\/wp-content\/uploads\/2020\/03\/ArviIivariKonstaIkonen.jpg 2048w\" sizes=\"auto, (max-width: 1024px) 100vw, 1024px\" \/><figcaption class=\"wp-element-caption\">22.9.2014 syntyi Arvi Konsta Iivari Ikonen Matti Juhana Matikaisen sukuhaaraan. Kuvassa mumminsa, Anneli Valkeap\u00e4\u00e4n syliss\u00e4.<\/figcaption><\/figure>\n\n\n\n<figure class=\"wp-block-image size-large\"><img loading=\"lazy\" decoding=\"async\" width=\"1024\" height=\"636\" data-id=\"183\" src=\"https:\/\/www.matikaiset.fi\/matikaiset\/wp-content\/uploads\/2020\/03\/Anne-Martin2.jpg\" alt=\"\" class=\"wp-image-183\" srcset=\"https:\/\/www.matikaiset.fi\/matikaiset\/wp-content\/uploads\/2020\/03\/Anne-Martin2.jpg 1024w, https:\/\/www.matikaiset.fi\/matikaiset\/wp-content\/uploads\/2020\/03\/Anne-Martin2-300x186.jpg 300w, https:\/\/www.matikaiset.fi\/matikaiset\/wp-content\/uploads\/2020\/03\/Anne-Martin2-768x477.jpg 768w\" sizes=\"auto, (max-width: 1024px) 100vw, 1024px\" \/><figcaption class=\"wp-element-caption\">Anne Martin P\u00f6ll\u00e4sten sukuhaarasta 70 vuotta toukokuussa 2013 Torontossa, kuvassda sukulaistensa kanssa.<\/figcaption><\/figure>\n\n\n\n<figure class=\"wp-block-image size-large\"><img loading=\"lazy\" decoding=\"async\" width=\"528\" height=\"358\" data-id=\"184\" src=\"https:\/\/www.matikaiset.fi\/matikaiset\/wp-content\/uploads\/2020\/03\/Helvi-Valkonen-98_2.jpg\" alt=\"\" class=\"wp-image-184\" srcset=\"https:\/\/www.matikaiset.fi\/matikaiset\/wp-content\/uploads\/2020\/03\/Helvi-Valkonen-98_2.jpg 528w, https:\/\/www.matikaiset.fi\/matikaiset\/wp-content\/uploads\/2020\/03\/Helvi-Valkonen-98_2-300x203.jpg 300w\" sizes=\"auto, (max-width: 528px) 100vw, 528px\" \/><figcaption class=\"wp-element-caption\">Helvi Valkonen os. P\u00f6ll\u00e4nen t\u00e4ytti 20.4.2015 suvun vanhimpana 98 vuotta <\/figcaption><\/figure>\n\n\n\n<figure class=\"wp-block-image size-large\"><img loading=\"lazy\" decoding=\"async\" width=\"611\" height=\"608\" data-id=\"185\" src=\"https:\/\/www.matikaiset.fi\/matikaiset\/wp-content\/uploads\/2020\/03\/KIRSTI.jpg\" alt=\"\" class=\"wp-image-185\" srcset=\"https:\/\/www.matikaiset.fi\/matikaiset\/wp-content\/uploads\/2020\/03\/KIRSTI.jpg 611w, https:\/\/www.matikaiset.fi\/matikaiset\/wp-content\/uploads\/2020\/03\/KIRSTI-300x300.jpg 300w, https:\/\/www.matikaiset.fi\/matikaiset\/wp-content\/uploads\/2020\/03\/KIRSTI-150x150.jpg 150w\" sizes=\"auto, (max-width: 611px) 100vw, 611px\" \/><figcaption class=\"wp-element-caption\">Kirsti Uimonen 90 vuotta hein\u00e4kuussa 2013 Lahdessa<\/figcaption><\/figure>\n\n\n\n<figure class=\"wp-block-image size-large\"><img loading=\"lazy\" decoding=\"async\" width=\"1024\" height=\"768\" data-id=\"186\" src=\"https:\/\/www.matikaiset.fi\/matikaiset\/wp-content\/uploads\/2020\/03\/Kahar-7-1024x768.jpg\" alt=\"\" class=\"wp-image-186\" srcset=\"https:\/\/www.matikaiset.fi\/matikaiset\/wp-content\/uploads\/2020\/03\/Kahar-7-1024x768.jpg 1024w, https:\/\/www.matikaiset.fi\/matikaiset\/wp-content\/uploads\/2020\/03\/Kahar-7-300x225.jpg 300w, https:\/\/www.matikaiset.fi\/matikaiset\/wp-content\/uploads\/2020\/03\/Kahar-7-768x576.jpg 768w, https:\/\/www.matikaiset.fi\/matikaiset\/wp-content\/uploads\/2020\/03\/Kahar-7-1536x1152.jpg 1536w, https:\/\/www.matikaiset.fi\/matikaiset\/wp-content\/uploads\/2020\/03\/Kahar-7.jpg 1632w\" sizes=\"auto, (max-width: 1024px) 100vw, 1024px\" \/><figcaption class=\"wp-element-caption\">Gennady K\u00e4h\u00e4r Uimosen sukuhaarasta, 75 vuotta Lahdessa, kuvassa perheineen toukokuussa 2014<\/figcaption><\/figure>\n\n\n\n<figure class=\"wp-block-image size-large\"><img loading=\"lazy\" decoding=\"async\" width=\"1024\" height=\"900\" data-id=\"187\" src=\"https:\/\/www.matikaiset.fi\/matikaiset\/wp-content\/uploads\/2020\/03\/Saimi-1024x900.jpg\" alt=\"\" class=\"wp-image-187\" srcset=\"https:\/\/www.matikaiset.fi\/matikaiset\/wp-content\/uploads\/2020\/03\/Saimi-1024x900.jpg 1024w, https:\/\/www.matikaiset.fi\/matikaiset\/wp-content\/uploads\/2020\/03\/Saimi-300x264.jpg 300w, https:\/\/www.matikaiset.fi\/matikaiset\/wp-content\/uploads\/2020\/03\/Saimi-768x675.jpg 768w, https:\/\/www.matikaiset.fi\/matikaiset\/wp-content\/uploads\/2020\/03\/Saimi.jpg 1374w\" sizes=\"auto, (max-width: 1024px) 100vw, 1024px\" \/><figcaption class=\"wp-element-caption\">Saimi Valtonen Matti Juhana Matikaisen sukuhaarasta, 94 vuotta joulukuussa 2013 Uukuniemell\u00e4.<\/figcaption><\/figure>\n<\/figure>\n\n\n\n<p><\/p>\n","protected":false},"excerpt":{"rendered":"","protected":false},"author":1,"featured_media":0,"parent":0,"menu_order":0,"comment_status":"closed","ping_status":"closed","template":"","meta":{"footnotes":""},"class_list":["post-180","page","type-page","status-publish","hentry"],"yoast_head":"<!-- This site is optimized with the Yoast SEO plugin v27.5 - https:\/\/yoast.com\/product\/yoast-seo-wordpress\/ -->\n<title>Onnitteluita - www.matikaiset.fi<\/title>\n<meta name=\"robots\" content=\"index, follow, max-snippet:-1, max-image-preview:large, max-video-preview:-1\" \/>\n<link rel=\"canonical\" href=\"https:\/\/www.matikaiset.fi\/matikaiset\/?page_id=180\" \/>\n<meta property=\"og:locale\" content=\"fi_FI\" \/>\n<meta property=\"og:type\" content=\"article\" \/>\n<meta property=\"og:title\" content=\"Onnitteluita - www.matikaiset.fi\" \/>\n<meta property=\"og:url\" content=\"https:\/\/www.matikaiset.fi\/matikaiset\/?page_id=180\" \/>\n<meta property=\"og:site_name\" content=\"www.matikaiset.fi\" \/>\n<meta property=\"article:modified_time\" content=\"2023-05-05T06:27:06+00:00\" \/>\n<meta property=\"og:image\" content=\"https:\/\/www.matikaiset.fi\/matikaiset\/wp-content\/uploads\/2020\/03\/Sirpan-lapsenlapsi.jpg\" \/>\n<meta name=\"twitter:card\" content=\"summary_large_image\" \/>\n<meta name=\"twitter:label1\" content=\"Arvioitu lukuaika\" \/>\n\t<meta name=\"twitter:data1\" content=\"2 minuuttia\" \/>\n<script type=\"application\/ld+json\" class=\"yoast-schema-graph\">{\"@context\":\"https:\\\/\\\/schema.org\",\"@graph\":[{\"@type\":\"WebPage\",\"@id\":\"https:\\\/\\\/www.matikaiset.fi\\\/matikaiset\\\/?page_id=180\",\"url\":\"https:\\\/\\\/www.matikaiset.fi\\\/matikaiset\\\/?page_id=180\",\"name\":\"Onnitteluita - www.matikaiset.fi\",\"isPartOf\":{\"@id\":\"https:\\\/\\\/www.matikaiset.fi\\\/matikaiset\\\/#website\"},\"primaryImageOfPage\":{\"@id\":\"https:\\\/\\\/www.matikaiset.fi\\\/matikaiset\\\/?page_id=180#primaryimage\"},\"image\":{\"@id\":\"https:\\\/\\\/www.matikaiset.fi\\\/matikaiset\\\/?page_id=180#primaryimage\"},\"thumbnailUrl\":\"https:\\\/\\\/www.matikaiset.fi\\\/matikaiset\\\/wp-content\\\/uploads\\\/2020\\\/03\\\/Sirpan-lapsenlapsi.jpg\",\"datePublished\":\"2020-03-02T19:54:25+00:00\",\"dateModified\":\"2023-05-05T06:27:06+00:00\",\"breadcrumb\":{\"@id\":\"https:\\\/\\\/www.matikaiset.fi\\\/matikaiset\\\/?page_id=180#breadcrumb\"},\"inLanguage\":\"fi\",\"potentialAction\":[{\"@type\":\"ReadAction\",\"target\":[\"https:\\\/\\\/www.matikaiset.fi\\\/matikaiset\\\/?page_id=180\"]}]},{\"@type\":\"ImageObject\",\"inLanguage\":\"fi\",\"@id\":\"https:\\\/\\\/www.matikaiset.fi\\\/matikaiset\\\/?page_id=180#primaryimage\",\"url\":\"https:\\\/\\\/www.matikaiset.fi\\\/matikaiset\\\/wp-content\\\/uploads\\\/2020\\\/03\\\/Sirpan-lapsenlapsi.jpg\",\"contentUrl\":\"https:\\\/\\\/www.matikaiset.fi\\\/matikaiset\\\/wp-content\\\/uploads\\\/2020\\\/03\\\/Sirpan-lapsenlapsi.jpg\",\"width\":480,\"height\":640,\"caption\":\"2.3.2015 syntyi Kustaa Matikaisen pojan Otto Matikaisen tytt\u00e4ren tytt\u00e4ren tyt\u00e4r. H\u00e4n on enonsa Riston syliss\u00e4.\"},{\"@type\":\"BreadcrumbList\",\"@id\":\"https:\\\/\\\/www.matikaiset.fi\\\/matikaiset\\\/?page_id=180#breadcrumb\",\"itemListElement\":[{\"@type\":\"ListItem\",\"position\":1,\"name\":\"Home\",\"item\":\"https:\\\/\\\/www.matikaiset.fi\\\/matikaiset\\\/\"},{\"@type\":\"ListItem\",\"position\":2,\"name\":\"Onnitteluita\"}]},{\"@type\":\"WebSite\",\"@id\":\"https:\\\/\\\/www.matikaiset.fi\\\/matikaiset\\\/#website\",\"url\":\"https:\\\/\\\/www.matikaiset.fi\\\/matikaiset\\\/\",\"name\":\"www.matikaiset.fi\",\"description\":\"\",\"publisher\":{\"@id\":\"https:\\\/\\\/www.matikaiset.fi\\\/matikaiset\\\/#organization\"},\"potentialAction\":[{\"@type\":\"SearchAction\",\"target\":{\"@type\":\"EntryPoint\",\"urlTemplate\":\"https:\\\/\\\/www.matikaiset.fi\\\/matikaiset\\\/?s={search_term_string}\"},\"query-input\":{\"@type\":\"PropertyValueSpecification\",\"valueRequired\":true,\"valueName\":\"search_term_string\"}}],\"inLanguage\":\"fi\"},{\"@type\":\"Organization\",\"@id\":\"https:\\\/\\\/www.matikaiset.fi\\\/matikaiset\\\/#organization\",\"name\":\"www.matikaiset.fi\",\"url\":\"https:\\\/\\\/www.matikaiset.fi\\\/matikaiset\\\/\",\"logo\":{\"@type\":\"ImageObject\",\"inLanguage\":\"fi\",\"@id\":\"https:\\\/\\\/www.matikaiset.fi\\\/matikaiset\\\/#\\\/schema\\\/logo\\\/image\\\/\",\"url\":\"https:\\\/\\\/www.matikaiset.fi\\\/matikaiset\\\/wp-content\\\/uploads\\\/2023\\\/04\\\/image-5.png\",\"contentUrl\":\"https:\\\/\\\/www.matikaiset.fi\\\/matikaiset\\\/wp-content\\\/uploads\\\/2023\\\/04\\\/image-5.png\",\"width\":99,\"height\":133,\"caption\":\"www.matikaiset.fi\"},\"image\":{\"@id\":\"https:\\\/\\\/www.matikaiset.fi\\\/matikaiset\\\/#\\\/schema\\\/logo\\\/image\\\/\"}}]}<\/script>\n<!-- \/ Yoast SEO plugin. -->","yoast_head_json":{"title":"Onnitteluita - www.matikaiset.fi","robots":{"index":"index","follow":"follow","max-snippet":"max-snippet:-1","max-image-preview":"max-image-preview:large","max-video-preview":"max-video-preview:-1"},"canonical":"https:\/\/www.matikaiset.fi\/matikaiset\/?page_id=180","og_locale":"fi_FI","og_type":"article","og_title":"Onnitteluita - www.matikaiset.fi","og_url":"https:\/\/www.matikaiset.fi\/matikaiset\/?page_id=180","og_site_name":"www.matikaiset.fi","article_modified_time":"2023-05-05T06:27:06+00:00","og_image":[{"url":"https:\/\/www.matikaiset.fi\/matikaiset\/wp-content\/uploads\/2020\/03\/Sirpan-lapsenlapsi.jpg","type":"","width":"","height":""}],"twitter_card":"summary_large_image","twitter_misc":{"Arvioitu lukuaika":"2 minuuttia"},"schema":{"@context":"https:\/\/schema.org","@graph":[{"@type":"WebPage","@id":"https:\/\/www.matikaiset.fi\/matikaiset\/?page_id=180","url":"https:\/\/www.matikaiset.fi\/matikaiset\/?page_id=180","name":"Onnitteluita - www.matikaiset.fi","isPartOf":{"@id":"https:\/\/www.matikaiset.fi\/matikaiset\/#website"},"primaryImageOfPage":{"@id":"https:\/\/www.matikaiset.fi\/matikaiset\/?page_id=180#primaryimage"},"image":{"@id":"https:\/\/www.matikaiset.fi\/matikaiset\/?page_id=180#primaryimage"},"thumbnailUrl":"https:\/\/www.matikaiset.fi\/matikaiset\/wp-content\/uploads\/2020\/03\/Sirpan-lapsenlapsi.jpg","datePublished":"2020-03-02T19:54:25+00:00","dateModified":"2023-05-05T06:27:06+00:00","breadcrumb":{"@id":"https:\/\/www.matikaiset.fi\/matikaiset\/?page_id=180#breadcrumb"},"inLanguage":"fi","potentialAction":[{"@type":"ReadAction","target":["https:\/\/www.matikaiset.fi\/matikaiset\/?page_id=180"]}]},{"@type":"ImageObject","inLanguage":"fi","@id":"https:\/\/www.matikaiset.fi\/matikaiset\/?page_id=180#primaryimage","url":"https:\/\/www.matikaiset.fi\/matikaiset\/wp-content\/uploads\/2020\/03\/Sirpan-lapsenlapsi.jpg","contentUrl":"https:\/\/www.matikaiset.fi\/matikaiset\/wp-content\/uploads\/2020\/03\/Sirpan-lapsenlapsi.jpg","width":480,"height":640,"caption":"2.3.2015 syntyi Kustaa Matikaisen pojan Otto Matikaisen tytt\u00e4ren tytt\u00e4ren tyt\u00e4r. H\u00e4n on enonsa Riston syliss\u00e4."},{"@type":"BreadcrumbList","@id":"https:\/\/www.matikaiset.fi\/matikaiset\/?page_id=180#breadcrumb","itemListElement":[{"@type":"ListItem","position":1,"name":"Home","item":"https:\/\/www.matikaiset.fi\/matikaiset\/"},{"@type":"ListItem","position":2,"name":"Onnitteluita"}]},{"@type":"WebSite","@id":"https:\/\/www.matikaiset.fi\/matikaiset\/#website","url":"https:\/\/www.matikaiset.fi\/matikaiset\/","name":"www.matikaiset.fi","description":"","publisher":{"@id":"https:\/\/www.matikaiset.fi\/matikaiset\/#organization"},"potentialAction":[{"@type":"SearchAction","target":{"@type":"EntryPoint","urlTemplate":"https:\/\/www.matikaiset.fi\/matikaiset\/?s={search_term_string}"},"query-input":{"@type":"PropertyValueSpecification","valueRequired":true,"valueName":"search_term_string"}}],"inLanguage":"fi"},{"@type":"Organization","@id":"https:\/\/www.matikaiset.fi\/matikaiset\/#organization","name":"www.matikaiset.fi","url":"https:\/\/www.matikaiset.fi\/matikaiset\/","logo":{"@type":"ImageObject","inLanguage":"fi","@id":"https:\/\/www.matikaiset.fi\/matikaiset\/#\/schema\/logo\/image\/","url":"https:\/\/www.matikaiset.fi\/matikaiset\/wp-content\/uploads\/2023\/04\/image-5.png","contentUrl":"https:\/\/www.matikaiset.fi\/matikaiset\/wp-content\/uploads\/2023\/04\/image-5.png","width":99,"height":133,"caption":"www.matikaiset.fi"},"image":{"@id":"https:\/\/www.matikaiset.fi\/matikaiset\/#\/schema\/logo\/image\/"}}]}},"_links":{"self":[{"href":"https:\/\/www.matikaiset.fi\/matikaiset\/index.php?rest_route=\/wp\/v2\/pages\/180","targetHints":{"allow":["GET"]}}],"collection":[{"href":"https:\/\/www.matikaiset.fi\/matikaiset\/index.php?rest_route=\/wp\/v2\/pages"}],"about":[{"href":"https:\/\/www.matikaiset.fi\/matikaiset\/index.php?rest_route=\/wp\/v2\/types\/page"}],"author":[{"embeddable":true,"href":"https:\/\/www.matikaiset.fi\/matikaiset\/index.php?rest_route=\/wp\/v2\/users\/1"}],"replies":[{"embeddable":true,"href":"https:\/\/www.matikaiset.fi\/matikaiset\/index.php?rest_route=%2Fwp%2Fv2%2Fcomments&post=180"}],"version-history":[{"count":1,"href":"https:\/\/www.matikaiset.fi\/matikaiset\/index.php?rest_route=\/wp\/v2\/pages\/180\/revisions"}],"predecessor-version":[{"id":699,"href":"https:\/\/www.matikaiset.fi\/matikaiset\/index.php?rest_route=\/wp\/v2\/pages\/180\/revisions\/699"}],"wp:attachment":[{"href":"https:\/\/www.matikaiset.fi\/matikaiset\/index.php?rest_route=%2Fwp%2Fv2%2Fmedia&parent=180"}],"curies":[{"name":"wp","href":"https:\/\/api.w.org\/{rel}","templated":true}]}}