{"id":137,"date":"2020-03-02T21:02:55","date_gmt":"2020-03-02T19:02:55","guid":{"rendered":"http:\/\/www2.matikaiset.fi\/wordpress\/?page_id=137"},"modified":"2025-11-20T11:33:42","modified_gmt":"2025-11-20T09:33:42","slug":"saannot","status":"publish","type":"page","link":"https:\/\/www.matikaiset.fi\/matikaiset\/?page_id=137","title":{"rendered":"S\u00e4\u00e4nn\u00f6t"},"content":{"rendered":"\n<p><strong>UUKUNIEMEN MATIKAISET -SUKUSEURA RY:N S\u00c4\u00c4NN\u00d6T<\/strong>, 15.8.2012 hyv\u00e4ksytyt uudet s\u00e4\u00e4nn\u00e4t<br>\u00a0<br><strong>1 \u00a7 Nimi kotipaikka<\/strong><\/p>\n\n\n\n<p>Yhdistyksen nimi on Uukuniemen Matikaiset -sukuseura ry ja kotipaikka Helsingin kaupunki. N\u00e4iss\u00e4 s\u00e4\u00e4nn\u00f6iss\u00e4 yhdistyksest\u00e4 k\u00e4ytet\u00e4\u00e4n nimityst\u00e4 sukuseura tai seura.<br>&nbsp;<br><strong>2 \u00a7 Tarkoitus ja toimintamuodot<\/strong><\/p>\n\n\n\n<p>Sukuseuran tarkoituksena on selvitt\u00e4\u00e4 Uukuniemen Matikaisten vaiheita ja historiaa, vaalia suvun perinteit\u00e4 ja edist\u00e4\u00e4 yhteenkuuluvuuden tunnetta suvun j\u00e4senten keskuudessa. Tarkoituksensa<br>toteuttamiseksi sukuseura mahdollisuuksiensa mukaan<br>&#8211; j\u00e4rjest\u00e4\u00e4 sukukokouksia, sukup\u00e4ivi\u00e4, retki\u00e4 ja muita niihin verrattavia tilaisuuksia &#8211; tekee sukua koskevaa tutkimustoimintaa,<br>&#8211; ker\u00e4\u00e4 ja arkistoi sukua koskevaa tietoutta ja sek\u00e4 saattaa sit\u00e4 j\u00e4senten tietoon sek\u00e4 &#8211; harjoittaa seuran tarkoituksen toteutumista edist\u00e4v\u00e4\u00e4 julkaisutoimintaa.<br>Toimintansa tukemiseksi sukuseura voi ottaa vastaan testamentattua ja lahjoitettua omaisuutta, perustaa rahastoja sek\u00e4 asianomaisella luvalla j\u00e4rjest\u00e4\u00e4 varainker\u00e4yksi\u00e4 ja arpajaisia. Seura voi my\u00f6s omistaa toimintansa kannalta tarpeellisia kiinteist\u00f6j\u00e4.<br>&nbsp;<br><strong>3 \u00a7 J\u00e4senet<\/strong><\/p>\n\n\n\n<p>Sukuseuran varsinaisiksi j\u00e4seniksi voidaan hyv\u00e4ksy\u00e4 jokainen 15 vuotta t\u00e4ytt\u00e4nyt henkil\u00f6. Sukuseuran j\u00e4senyys on avoin jokaiselle asiasta kiinnostuneelle. Sukuseuran j\u00e4senet hyv\u00e4ksyy hallitus. J\u00e4senyys alkaa, kun hallitus on hyv\u00e4ksynyt j\u00e4senen ja h\u00e4n on maksanut j\u00e4senmaksunsa seuralle. J\u00e4senell\u00e4 on oikeus erota sukuseurasta ilmoittamalla siit\u00e4 kirjallisesti hallitukselle tai sen puheenjohtajalle tai ilmoittamalla eroamisestaan sukuseuran kokouksessa.<br>J\u00e4senilt\u00e4 peritt\u00e4v\u00e4n vuotuisen j\u00e4senmaksun suuruudesta p\u00e4\u00e4tt\u00e4\u00e4 sukuseuran kokous. Sukuseuran hallitus voi my\u00f6nt\u00e4\u00e4 vapautuksen j\u00e4senmaksusta korkean i\u00e4n, sairauden tai maksukyvyn huomattavan heikentymisen perusteella. Hallituksen esityksest\u00e4 voi sukuseuran kokous kutsua sukuseuran kunniaj\u00e4seneksi henkil\u00f6n,<br>joka on erityisesti ansioitunut seuran toiminnassa tai muulla toiminnallaan edist\u00e4nyt huomattavasti seuran tarkoituksen toteutumista. Kunniaj\u00e4sen on vapaa j\u00e4senmaksuista. J\u00e4senen erottamisesta p\u00e4\u00e4tt\u00e4\u00e4 sukuseuran hallitus. J\u00e4senell\u00e4 on oikeus saattaa erottaminen sukuseuran kokouksen ratkaistavaksi ilmoittamalla siit\u00e4 kirjallisesti hallituksella kuukauden kuluessa erottamisesta tiedon saatuaan.<br>Sukuseuran j\u00e4senen, joka ei ole vapaa velvollisuudesta suorittaa vuotuinen j\u00e4senmaksu, katsoo hallitus eronneeksi sukuseurasta, jos h\u00e4n on j\u00e4tt\u00e4nyt j\u00e4senmaksunsa maksamatta kahdelta (2) viimeksi p\u00e4\u00e4ttyneelt\u00e4 kalenterivuodelta, mik\u00e4li er\u00e4\u00e4ntyneit\u00e4 j\u00e4senmaksuja ei siihen menness\u00e4 ole maksettu sukuseuralle. Sukuseuran j\u00e4senluetteloa pit\u00e4\u00e4 hallitus.<br>&nbsp;<br><strong>4 \u00a7 Hallitus<\/strong><\/p>\n\n\n\n<p>Sukuseuran asioita hoitaa seuran hallitus, joka valitaan sukuseuran varsinaisessa sukukokouksessa. Hallituksen toimikausi on sukukokousten v\u00e4linen aika. Hallitukseen kuuluu puheenjohtaja, jota kutsutaan sukuseuran puheenjohtajaksi,<br>varapuheenjohtaja, jota kutsutaan sukuseuran varapuheenjohtajaksi ja kolme (3) muuta j\u00e4sent\u00e4 sek\u00e4 kaksi (2) varaj\u00e4sent\u00e4. Hallitusta valittaessa tulee pyrki\u00e4 sukujen eri haarautumien mukanaoloon hallituksessa. Hallitus valitsee keskuudestaan tai ulkopuolelta seuran sihteerin, rahastonhoitajan ja muut tarvittavat toimihenkil\u00f6t. Hallitus kokoontuu puheenjohtajan tai t\u00e4m\u00e4n estyneen\u00e4 ollessa varapuheenjohtajan kutsusta, kun<br>he katsovat siihen olevan aihetta, tai kun v\u00e4hint\u00e4\u00e4n kaksi (2) hallituksen j\u00e4sent\u00e4 sit\u00e4 vaatii. Hallitus voi tarvittaessa kokoontua my\u00f6s s\u00e4hk\u00f6isesti, mik\u00e4li kaikki hallituksen j\u00e4senet t\u00e4m\u00e4n yksimielisesti hyv\u00e4ksyv\u00e4t.<br>Hallitus on p\u00e4\u00e4t\u00f6svaltainen, kun l\u00e4sn\u00e4 on puheenjohtaja tai varapuheenjohtaja ja v\u00e4hint\u00e4\u00e4n kaksi (2) muuta hallituksen j\u00e4sent\u00e4. Hallituksen p\u00e4\u00e4t\u00f6kseksi tulee mielipide, jota enemmist\u00f6 kokouksessa kannattaa. \u00c4\u00e4nten menness\u00e4 tasan ratkaisee puheenjohtajan mielipide, paitsi vaaleissa arpa. Hatlituksen kokouksissa on pidett\u00e4v\u00e4 p\u00e4\u00e4t\u00f6sp\u00f6yt\u00e4kirjaa, jonka hallituksen kokouksen puheenjohtaja ja sihteeri allekirjoittavat.<br>&nbsp;<br><strong>5 \u00a7 Sukuseuran nimen kirjoittaminen<\/strong><\/p>\n\n\n\n<p>Sukuseuran nimen kirjoittaa sukuseuran puheenjohtaja yhdess\u00e4 varapuheenjohtajan kanssa tai jompikumpi heist\u00e4 yhdess\u00e4 sihteerin ja rahastonhoitajan kanssa.<br>&nbsp;<br><strong>6 \u00a7 Tilit<\/strong><\/p>\n\n\n\n<p>Sukuseuran tilikausi on kalenterivuosi. Tilinp\u00e4\u00e4t\u00f6kset tarvittavine asiakirjoineen ja hallituksen vuosikertomukset on annettava tilintarkastajille\/toiminnantarkastajille tarkastettavaksi viimeist\u00e4\u00e4n kolme (3) kuukautta ennen seuraavan varsinaisen sukukokouksen pit\u00e4misp\u00e4iv\u00e4\u00e4. Tilintarkastajien\/toiminnantarkastajien lausunto tilien ja seuran hallinnon tarkastuksesta on annettava hallitukselle viimeist\u00e4\u00e4n kaksi (2) kuukautta ennen edell\u00e4 tarkoitettua kokousp\u00e4iv\u00e4\u00e4.<br>&nbsp;<br><strong>7 \u00a7 Sukuseuran kokousten koollekutsuminen<\/strong><\/p>\n\n\n\n<p>Sukuseuran kokoukset kutsuu koolle hallitus. Kokouskutsu on toimitettava joko postitse tai s\u00e4hk\u00f6postitse jokaiselta j\u00e4senelle. Postittamisen on tapahduttava viimeist\u00e4\u00e4n kolmekymment\u00e4<br>(30) p\u00e4iv\u00e4\u00e4 ennen kokousta.<br>&nbsp;<br><strong>8 \u00a7 Sukuseuran kokoukset<\/strong><\/p>\n\n\n\n<p>Sukuseuran varsinainen sukukokous pidet\u00e4\u00e4n joka toinen vuosi hallituksen m\u00e4\u00e4r\u00e4\u00e4m\u00e4n\u00e4 p\u00e4iv\u00e4n\u00e4 huhti-syyskuun aikana.<br>Sukuseuran ylim\u00e4\u00e4r\u00e4inen sukukokous pidet\u00e4\u00e4n, kun seuran sukukokous niin p\u00e4\u00e4tt\u00e4\u00e4 tai kun hallitus katsoo siihen olevan aihetta taikka v\u00e4hint\u00e4\u00e4n yksi kymmenesosa (1\/10) seuran \u00e4\u00e4nioikeutetuista<br>j\u00e4senist\u00e4 sit\u00e4 ilmoittamansa asian k\u00e4sittely\u00e4 varten kirjallisesti hallitukselta vaatii. Seuran sukukokouksessa on jokaisella kunniaj\u00e4senell\u00e4, j\u00e4senmaksusta hallituksen p\u00e4\u00e4t\u00f6ksell\u00e4<br>vapautetulla j\u00e4senell\u00e4 ja edellisen vuoden j\u00e4senmaksunsa maksaneella<br>j\u00e4senell\u00e4 \u00e4\u00e4nioikeus. Jokaisella \u00e4\u00e4nioikeutetulla on yksi \u00e4\u00e4ni.<br>Sukuseuran p\u00e4\u00e4t\u00f6kseksi tulee, 10\u00a7:ss\u00e4 tarkoitettuja p\u00e4\u00e4t\u00f6ksi\u00e4 lukuun ottamatta, se mielipide, jota on kannattanut yli puolet \u00e4\u00e4nestyksess\u00e4 annetuista \u00e4\u00e4nist\u00e4. \u00c4\u00e4nten menness\u00e4 tasan ratkaisee<br>kokouksen puheenjohtajan mielipide, paitsi vaaleissa arpa.<br>&nbsp;<br><strong>9 \u00a7 Varsinainen sukukokous<\/strong><\/p>\n\n\n\n<p>Seuran varsinaisessa kokouksessa k\u00e4sitell\u00e4\u00e4n seuraavat asiat:<br>1. kokous avaus;<br>2. todetaan kokouksen laillisuus ja p\u00e4\u00e4t\u00f6svaltaisuus;<br>3. valitaan kokouksen puheenjohtaja, sihteerija kaksi p\u00f6yt\u00e4kirjantarkastajaa;<br>4. valitaan kaksi \u00e4\u00e4ntenlaskijaa;<br>5. hyv\u00e4ksyt\u00e4\u00e4n kokoukselle ty\u00f6j\u00e4rjestys;<br>6. esitet\u00e4\u00e4n seuran tilinp\u00e4\u00e4t\u00f6kset, vuosikertomukset ja tilintarkastajien lausunnot edelt\u00e4v\u00e4lt\u00e4<br>kaksi (2)-vuotiskaudelta;<br>7. p\u00e4\u00e4tet\u00e4\u00e4n tilinp\u00e4\u00e4t\u00f6sten vahvistamisesta ja vastuuvapauden my\u00f6nt\u00e4misest\u00e4;<br>8. vahvistetaan toimintasuunnitelma seuraavalle varsinaisten sukukokousten v\u00e4!iselle kaksi (2)-vuotiskaudelle, m\u00e4\u00e4r\u00e4t\u00e4\u00e4n vuotuiset j\u00e4senmaksut seuraavalle kahdelle (2)<br>kalenterivuodelle ja vahvistetaan talousarvio kahden (2) seuraavan tillikauden<br>muodostamalle ajanjaksolle;<br>9. valitaan hallituksen puheenjohtaja, varapuheenjohtaja ja muut j\u00e4senet<br>10. valitaan yksi (1) tilintarkastaja\/toiminnantarkastaja ja yksi (1) varatilintarkastaja.<br>11. muut kokouksessa mainitut asiat.<br>Mik\u00e4li seuran j\u00e4sen haluaa saada jonkin asian seuran varsinaisen sukukokouksen k\u00e4sitelt\u00e4v\u00e4ksi, on h\u00e4nen ilmoitettava siit\u00e4 hallitukselle kirjallisesti niin hyviss\u00e4 ajoin, ett\u00e4 asia voidaan sis\u00e4llytt\u00e4\u00e4 kokouskutsuun.<br>&nbsp;<br><strong>10 \u00a7 S\u00e4\u00e4nt\u00f6jen muuttaminen ja sukuseuran purkaminen<\/strong><\/p>\n\n\n\n<p>P\u00e4\u00e4t\u00f6s s\u00e4\u00e4nt\u00f6jen muuttamisesta ja seuran purkamisesta on tullakseen voimaan teht\u00e4v\u00e4 seuran kokouksessa v\u00e4hint\u00e4\u00e4n kolmen nelj\u00e4sosan (3\/4) enemmist\u00f6ll\u00e4 annetuista \u00e4\u00e4nist\u00e4. Kokouskutsussa on mainittava s\u00e4\u00e4nt\u00f6jen muuttamista tai sukuseuran purkamista koskevan asian esill\u00e4 olosta. Sukuseuran purkautuessa k\u00e4ytet\u00e4\u00e4n seuran varat seuran aatteellisen tarkoituksen edist\u00e4miseen purkamisesta p\u00e4\u00e4tt\u00e4v\u00e4n kokouksen m\u00e4\u00e4r\u00e4\u00e4m\u00e4ll\u00e4 tavalla.<br>&nbsp;<br><strong>11\u00a7 Muu p\u00e4\u00e4t\u00f6ksenteko<\/strong><\/p>\n\n\n\n<p>Muussa p\u00e4\u00e4t\u00f6kenteossa noudatetaan niit\u00e4 yhdistyslain s\u00e4\u00e4nn\u00f6ksi\u00e4, jotka sitovat kaikkia yhdistyksi\u00e4.<\/p>\n","protected":false},"excerpt":{"rendered":"<p>UUKUNIEMEN MATIKAISET -SUKUSEURA RY:N S\u00c4\u00c4NN\u00d6T, 15.8.2012 hyv\u00e4ksytyt uudet s\u00e4\u00e4nn\u00e4t\u00a01 \u00a7 Nimi kotipaikka Yhdistyksen nimi on Uukuniemen Matikaiset -sukuseura ry ja [&hellip;]<\/p>\n","protected":false},"author":1,"featured_media":0,"parent":0,"menu_order":0,"comment_status":"closed","ping_status":"closed","template":"","meta":{"footnotes":""},"class_list":["post-137","page","type-page","status-publish","hentry"],"yoast_head":"<!-- This site is optimized with the Yoast SEO plugin v27.5 - https:\/\/yoast.com\/product\/yoast-seo-wordpress\/ -->\n<title>S\u00e4\u00e4nn\u00f6t - www.matikaiset.fi<\/title>\n<meta name=\"robots\" content=\"index, follow, max-snippet:-1, max-image-preview:large, max-video-preview:-1\" \/>\n<link rel=\"canonical\" href=\"https:\/\/www.matikaiset.fi\/matikaiset\/?page_id=137\" \/>\n<meta property=\"og:locale\" content=\"fi_FI\" \/>\n<meta property=\"og:type\" content=\"article\" \/>\n<meta property=\"og:title\" content=\"S\u00e4\u00e4nn\u00f6t - www.matikaiset.fi\" \/>\n<meta property=\"og:description\" content=\"UUKUNIEMEN MATIKAISET -SUKUSEURA RY:N S\u00c4\u00c4NN\u00d6T, 15.8.2012 hyv\u00e4ksytyt uudet s\u00e4\u00e4nn\u00e4t\u00a01 \u00a7 Nimi kotipaikka Yhdistyksen nimi on Uukuniemen Matikaiset -sukuseura ry ja [&hellip;]\" \/>\n<meta property=\"og:url\" content=\"https:\/\/www.matikaiset.fi\/matikaiset\/?page_id=137\" \/>\n<meta property=\"og:site_name\" content=\"www.matikaiset.fi\" \/>\n<meta property=\"article:modified_time\" content=\"2025-11-20T09:33:42+00:00\" \/>\n<meta name=\"twitter:card\" content=\"summary_large_image\" \/>\n<meta name=\"twitter:label1\" content=\"Arvioitu lukuaika\" \/>\n\t<meta name=\"twitter:data1\" content=\"6 minuuttia\" \/>\n<script type=\"application\/ld+json\" class=\"yoast-schema-graph\">{\"@context\":\"https:\\\/\\\/schema.org\",\"@graph\":[{\"@type\":\"WebPage\",\"@id\":\"https:\\\/\\\/www.matikaiset.fi\\\/matikaiset\\\/?page_id=137\",\"url\":\"https:\\\/\\\/www.matikaiset.fi\\\/matikaiset\\\/?page_id=137\",\"name\":\"S\u00e4\u00e4nn\u00f6t - www.matikaiset.fi\",\"isPartOf\":{\"@id\":\"https:\\\/\\\/www.matikaiset.fi\\\/matikaiset\\\/#website\"},\"datePublished\":\"2020-03-02T19:02:55+00:00\",\"dateModified\":\"2025-11-20T09:33:42+00:00\",\"breadcrumb\":{\"@id\":\"https:\\\/\\\/www.matikaiset.fi\\\/matikaiset\\\/?page_id=137#breadcrumb\"},\"inLanguage\":\"fi\",\"potentialAction\":[{\"@type\":\"ReadAction\",\"target\":[\"https:\\\/\\\/www.matikaiset.fi\\\/matikaiset\\\/?page_id=137\"]}]},{\"@type\":\"BreadcrumbList\",\"@id\":\"https:\\\/\\\/www.matikaiset.fi\\\/matikaiset\\\/?page_id=137#breadcrumb\",\"itemListElement\":[{\"@type\":\"ListItem\",\"position\":1,\"name\":\"Home\",\"item\":\"https:\\\/\\\/www.matikaiset.fi\\\/matikaiset\\\/\"},{\"@type\":\"ListItem\",\"position\":2,\"name\":\"S\u00e4\u00e4nn\u00f6t\"}]},{\"@type\":\"WebSite\",\"@id\":\"https:\\\/\\\/www.matikaiset.fi\\\/matikaiset\\\/#website\",\"url\":\"https:\\\/\\\/www.matikaiset.fi\\\/matikaiset\\\/\",\"name\":\"www.matikaiset.fi\",\"description\":\"\",\"publisher\":{\"@id\":\"https:\\\/\\\/www.matikaiset.fi\\\/matikaiset\\\/#organization\"},\"potentialAction\":[{\"@type\":\"SearchAction\",\"target\":{\"@type\":\"EntryPoint\",\"urlTemplate\":\"https:\\\/\\\/www.matikaiset.fi\\\/matikaiset\\\/?s={search_term_string}\"},\"query-input\":{\"@type\":\"PropertyValueSpecification\",\"valueRequired\":true,\"valueName\":\"search_term_string\"}}],\"inLanguage\":\"fi\"},{\"@type\":\"Organization\",\"@id\":\"https:\\\/\\\/www.matikaiset.fi\\\/matikaiset\\\/#organization\",\"name\":\"www.matikaiset.fi\",\"url\":\"https:\\\/\\\/www.matikaiset.fi\\\/matikaiset\\\/\",\"logo\":{\"@type\":\"ImageObject\",\"inLanguage\":\"fi\",\"@id\":\"https:\\\/\\\/www.matikaiset.fi\\\/matikaiset\\\/#\\\/schema\\\/logo\\\/image\\\/\",\"url\":\"https:\\\/\\\/www.matikaiset.fi\\\/matikaiset\\\/wp-content\\\/uploads\\\/2023\\\/04\\\/image-5.png\",\"contentUrl\":\"https:\\\/\\\/www.matikaiset.fi\\\/matikaiset\\\/wp-content\\\/uploads\\\/2023\\\/04\\\/image-5.png\",\"width\":99,\"height\":133,\"caption\":\"www.matikaiset.fi\"},\"image\":{\"@id\":\"https:\\\/\\\/www.matikaiset.fi\\\/matikaiset\\\/#\\\/schema\\\/logo\\\/image\\\/\"}}]}<\/script>\n<!-- \/ Yoast SEO plugin. -->","yoast_head_json":{"title":"S\u00e4\u00e4nn\u00f6t - www.matikaiset.fi","robots":{"index":"index","follow":"follow","max-snippet":"max-snippet:-1","max-image-preview":"max-image-preview:large","max-video-preview":"max-video-preview:-1"},"canonical":"https:\/\/www.matikaiset.fi\/matikaiset\/?page_id=137","og_locale":"fi_FI","og_type":"article","og_title":"S\u00e4\u00e4nn\u00f6t - www.matikaiset.fi","og_description":"UUKUNIEMEN MATIKAISET -SUKUSEURA RY:N S\u00c4\u00c4NN\u00d6T, 15.8.2012 hyv\u00e4ksytyt uudet s\u00e4\u00e4nn\u00e4t\u00a01 \u00a7 Nimi kotipaikka Yhdistyksen nimi on Uukuniemen Matikaiset -sukuseura ry ja [&hellip;]","og_url":"https:\/\/www.matikaiset.fi\/matikaiset\/?page_id=137","og_site_name":"www.matikaiset.fi","article_modified_time":"2025-11-20T09:33:42+00:00","twitter_card":"summary_large_image","twitter_misc":{"Arvioitu lukuaika":"6 minuuttia"},"schema":{"@context":"https:\/\/schema.org","@graph":[{"@type":"WebPage","@id":"https:\/\/www.matikaiset.fi\/matikaiset\/?page_id=137","url":"https:\/\/www.matikaiset.fi\/matikaiset\/?page_id=137","name":"S\u00e4\u00e4nn\u00f6t - www.matikaiset.fi","isPartOf":{"@id":"https:\/\/www.matikaiset.fi\/matikaiset\/#website"},"datePublished":"2020-03-02T19:02:55+00:00","dateModified":"2025-11-20T09:33:42+00:00","breadcrumb":{"@id":"https:\/\/www.matikaiset.fi\/matikaiset\/?page_id=137#breadcrumb"},"inLanguage":"fi","potentialAction":[{"@type":"ReadAction","target":["https:\/\/www.matikaiset.fi\/matikaiset\/?page_id=137"]}]},{"@type":"BreadcrumbList","@id":"https:\/\/www.matikaiset.fi\/matikaiset\/?page_id=137#breadcrumb","itemListElement":[{"@type":"ListItem","position":1,"name":"Home","item":"https:\/\/www.matikaiset.fi\/matikaiset\/"},{"@type":"ListItem","position":2,"name":"S\u00e4\u00e4nn\u00f6t"}]},{"@type":"WebSite","@id":"https:\/\/www.matikaiset.fi\/matikaiset\/#website","url":"https:\/\/www.matikaiset.fi\/matikaiset\/","name":"www.matikaiset.fi","description":"","publisher":{"@id":"https:\/\/www.matikaiset.fi\/matikaiset\/#organization"},"potentialAction":[{"@type":"SearchAction","target":{"@type":"EntryPoint","urlTemplate":"https:\/\/www.matikaiset.fi\/matikaiset\/?s={search_term_string}"},"query-input":{"@type":"PropertyValueSpecification","valueRequired":true,"valueName":"search_term_string"}}],"inLanguage":"fi"},{"@type":"Organization","@id":"https:\/\/www.matikaiset.fi\/matikaiset\/#organization","name":"www.matikaiset.fi","url":"https:\/\/www.matikaiset.fi\/matikaiset\/","logo":{"@type":"ImageObject","inLanguage":"fi","@id":"https:\/\/www.matikaiset.fi\/matikaiset\/#\/schema\/logo\/image\/","url":"https:\/\/www.matikaiset.fi\/matikaiset\/wp-content\/uploads\/2023\/04\/image-5.png","contentUrl":"https:\/\/www.matikaiset.fi\/matikaiset\/wp-content\/uploads\/2023\/04\/image-5.png","width":99,"height":133,"caption":"www.matikaiset.fi"},"image":{"@id":"https:\/\/www.matikaiset.fi\/matikaiset\/#\/schema\/logo\/image\/"}}]}},"_links":{"self":[{"href":"https:\/\/www.matikaiset.fi\/matikaiset\/index.php?rest_route=\/wp\/v2\/pages\/137","targetHints":{"allow":["GET"]}}],"collection":[{"href":"https:\/\/www.matikaiset.fi\/matikaiset\/index.php?rest_route=\/wp\/v2\/pages"}],"about":[{"href":"https:\/\/www.matikaiset.fi\/matikaiset\/index.php?rest_route=\/wp\/v2\/types\/page"}],"author":[{"embeddable":true,"href":"https:\/\/www.matikaiset.fi\/matikaiset\/index.php?rest_route=\/wp\/v2\/users\/1"}],"replies":[{"embeddable":true,"href":"https:\/\/www.matikaiset.fi\/matikaiset\/index.php?rest_route=%2Fwp%2Fv2%2Fcomments&post=137"}],"version-history":[{"count":1,"href":"https:\/\/www.matikaiset.fi\/matikaiset\/index.php?rest_route=\/wp\/v2\/pages\/137\/revisions"}],"predecessor-version":[{"id":1120,"href":"https:\/\/www.matikaiset.fi\/matikaiset\/index.php?rest_route=\/wp\/v2\/pages\/137\/revisions\/1120"}],"wp:attachment":[{"href":"https:\/\/www.matikaiset.fi\/matikaiset\/index.php?rest_route=%2Fwp%2Fv2%2Fmedia&parent=137"}],"curies":[{"name":"wp","href":"https:\/\/api.w.org\/{rel}","templated":true}]}}