{"id":131,"date":"2020-03-02T21:00:05","date_gmt":"2020-03-02T19:00:05","guid":{"rendered":"http:\/\/www2.matikaiset.fi\/wordpress\/?page_id=131"},"modified":"2026-04-19T13:49:41","modified_gmt":"2026-04-19T10:49:41","slug":"etusivu","status":"publish","type":"page","link":"https:\/\/www.matikaiset.fi\/matikaiset\/","title":{"rendered":"Etusivu"},"content":{"rendered":"\n<p>Uukuniemen Matikaiset -sukuseuran perustamiskokous pidettiin lauantaina 15.syyskuuta 2007 Helsingin&nbsp;<a href=\"http:\/\/www.karjalanliitto.fi\/index.phtml?s=15\">Karjalatalolla<\/a>.<\/p>\n\n\n\n<p>Sukuseuraan liittyess\u00e4si maksa j\u00e4senmaksu 20 eur\/hl\u00f6 Uukuniemen Matikaiset -sukuseura ry:n tilille<\/p>\n\n\n\n<p>FI60 5319 8320 0219 40, viitenumero 1151, (lis\u00e4\u00e4 tarvittaessa BIC OKOYFIHH)<\/p>\n\n\n\n<p>Tervetuloa uudet j\u00e4senet!<\/p>\n\n\n\n<p>Uukuniemen Matikaisilla, P\u00f6ll\u00e4sill\u00e4, Ahokkailla ja Uimosilla on Mirja Vesalaisen yll\u00e4pit\u00e4m\u00e4 suljettu <strong><em>facebook-ryhm\u00e4 <\/em><\/strong><a href=\"https:\/\/www.facebook.com\/#%21\/groups\/200624579999707\/\" target=\"_blank\" rel=\"noreferrer noopener\">https:\/\/www.facebook.com\/#!\/groups\/200624579999707\/<\/a>.\u00a0\u00a0\u00a0\u00a0\u00a0\u00a0\u00a0\u00a0\u00a0\u00a0\u00a0\u00a0\u00a0\u00a0\u00a0\u00a0\u00a0\u00a0\u00a0\u00a0\u00a0\u00a0\u00a0\u00a0\u00a0\u00a0\u00a0\u00a0\u00a0\u00a0\u00a0\u00a0\u00a0\u00a0\u00a0\u00a0\u00a0\u00a0\u00a0\u00a0\u00a0\u00a0\u00a0\u00a0\u00a0\u00a0\u00a0\u00a0\u00a0\u00a0\u00a0\u00a0\u00a0\u00a0\u00a0\u00a0\u00a0\u00a0\u00a0\u00a0\u00a0\u00a0\u00a0\u00a0\u00a0\u00a0\u00a0\u00a0\u00a0\u00a0\u00a0\u00a0\u00a0\u00a0\u00a0\u00a0\u00a0\u00a0\u00a0\u00a0\u00a0\u00a0\u00a0\u00a0\u00a0\u00a0\u00a0\u00a0\u00a0<\/p>\n\n\n\n<p><\/p>\n","protected":false},"excerpt":{"rendered":"<p>Uukuniemen Matikaiset -sukuseuran perustamiskokous pidettiin lauantaina 15.syyskuuta 2007 Helsingin&nbsp;Karjalatalolla. Sukuseuraan liittyess\u00e4si maksa j\u00e4senmaksu 20 eur\/hl\u00f6 Uukuniemen Matikaiset -sukuseura ry:n tilille [&hellip;]<\/p>\n","protected":false},"author":1,"featured_media":0,"parent":0,"menu_order":1,"comment_status":"closed","ping_status":"closed","template":"","meta":{"footnotes":""},"class_list":["post-131","page","type-page","status-publish","hentry"],"yoast_head":"<!-- This site is optimized with the Yoast SEO plugin v27.5 - https:\/\/yoast.com\/product\/yoast-seo-wordpress\/ -->\n<title>Etusivu - www.matikaiset.fi<\/title>\n<meta name=\"robots\" content=\"index, follow, max-snippet:-1, max-image-preview:large, max-video-preview:-1\" \/>\n<link rel=\"canonical\" href=\"https:\/\/www.matikaiset.fi\/matikaiset\/\" \/>\n<meta property=\"og:locale\" content=\"fi_FI\" \/>\n<meta property=\"og:type\" content=\"article\" \/>\n<meta property=\"og:title\" content=\"Etusivu - www.matikaiset.fi\" \/>\n<meta property=\"og:description\" content=\"Uukuniemen Matikaiset -sukuseuran perustamiskokous pidettiin lauantaina 15.syyskuuta 2007 Helsingin&nbsp;Karjalatalolla. Sukuseuraan liittyess\u00e4si maksa j\u00e4senmaksu 20 eur\/hl\u00f6 Uukuniemen Matikaiset -sukuseura ry:n tilille [&hellip;]\" \/>\n<meta property=\"og:url\" content=\"https:\/\/www.matikaiset.fi\/matikaiset\/\" \/>\n<meta property=\"og:site_name\" content=\"www.matikaiset.fi\" \/>\n<meta property=\"article:modified_time\" content=\"2026-04-19T10:49:41+00:00\" \/>\n<meta name=\"twitter:card\" content=\"summary_large_image\" \/>\n<meta name=\"twitter:label1\" content=\"Arvioitu lukuaika\" \/>\n\t<meta name=\"twitter:data1\" content=\"1 minuutti\" \/>\n<script type=\"application\/ld+json\" class=\"yoast-schema-graph\">{\"@context\":\"https:\\\/\\\/schema.org\",\"@graph\":[{\"@type\":\"WebPage\",\"@id\":\"https:\\\/\\\/www.matikaiset.fi\\\/matikaiset\\\/\",\"url\":\"https:\\\/\\\/www.matikaiset.fi\\\/matikaiset\\\/\",\"name\":\"Etusivu - www.matikaiset.fi\",\"isPartOf\":{\"@id\":\"https:\\\/\\\/www.matikaiset.fi\\\/matikaiset\\\/#website\"},\"datePublished\":\"2020-03-02T19:00:05+00:00\",\"dateModified\":\"2026-04-19T10:49:41+00:00\",\"breadcrumb\":{\"@id\":\"https:\\\/\\\/www.matikaiset.fi\\\/matikaiset\\\/#breadcrumb\"},\"inLanguage\":\"fi\",\"potentialAction\":[{\"@type\":\"ReadAction\",\"target\":[\"https:\\\/\\\/www.matikaiset.fi\\\/matikaiset\\\/\"]}]},{\"@type\":\"BreadcrumbList\",\"@id\":\"https:\\\/\\\/www.matikaiset.fi\\\/matikaiset\\\/#breadcrumb\",\"itemListElement\":[{\"@type\":\"ListItem\",\"position\":1,\"name\":\"Home\",\"item\":\"https:\\\/\\\/www.matikaiset.fi\\\/matikaiset\\\/\"},{\"@type\":\"ListItem\",\"position\":2,\"name\":\"Etusivu\"}]},{\"@type\":\"WebSite\",\"@id\":\"https:\\\/\\\/www.matikaiset.fi\\\/matikaiset\\\/#website\",\"url\":\"https:\\\/\\\/www.matikaiset.fi\\\/matikaiset\\\/\",\"name\":\"www.matikaiset.fi\",\"description\":\"\",\"publisher\":{\"@id\":\"https:\\\/\\\/www.matikaiset.fi\\\/matikaiset\\\/#organization\"},\"potentialAction\":[{\"@type\":\"SearchAction\",\"target\":{\"@type\":\"EntryPoint\",\"urlTemplate\":\"https:\\\/\\\/www.matikaiset.fi\\\/matikaiset\\\/?s={search_term_string}\"},\"query-input\":{\"@type\":\"PropertyValueSpecification\",\"valueRequired\":true,\"valueName\":\"search_term_string\"}}],\"inLanguage\":\"fi\"},{\"@type\":\"Organization\",\"@id\":\"https:\\\/\\\/www.matikaiset.fi\\\/matikaiset\\\/#organization\",\"name\":\"www.matikaiset.fi\",\"url\":\"https:\\\/\\\/www.matikaiset.fi\\\/matikaiset\\\/\",\"logo\":{\"@type\":\"ImageObject\",\"inLanguage\":\"fi\",\"@id\":\"https:\\\/\\\/www.matikaiset.fi\\\/matikaiset\\\/#\\\/schema\\\/logo\\\/image\\\/\",\"url\":\"https:\\\/\\\/www.matikaiset.fi\\\/matikaiset\\\/wp-content\\\/uploads\\\/2023\\\/04\\\/image-5.png\",\"contentUrl\":\"https:\\\/\\\/www.matikaiset.fi\\\/matikaiset\\\/wp-content\\\/uploads\\\/2023\\\/04\\\/image-5.png\",\"width\":99,\"height\":133,\"caption\":\"www.matikaiset.fi\"},\"image\":{\"@id\":\"https:\\\/\\\/www.matikaiset.fi\\\/matikaiset\\\/#\\\/schema\\\/logo\\\/image\\\/\"}}]}<\/script>\n<!-- \/ Yoast SEO plugin. -->","yoast_head_json":{"title":"Etusivu - www.matikaiset.fi","robots":{"index":"index","follow":"follow","max-snippet":"max-snippet:-1","max-image-preview":"max-image-preview:large","max-video-preview":"max-video-preview:-1"},"canonical":"https:\/\/www.matikaiset.fi\/matikaiset\/","og_locale":"fi_FI","og_type":"article","og_title":"Etusivu - www.matikaiset.fi","og_description":"Uukuniemen Matikaiset -sukuseuran perustamiskokous pidettiin lauantaina 15.syyskuuta 2007 Helsingin&nbsp;Karjalatalolla. Sukuseuraan liittyess\u00e4si maksa j\u00e4senmaksu 20 eur\/hl\u00f6 Uukuniemen Matikaiset -sukuseura ry:n tilille [&hellip;]","og_url":"https:\/\/www.matikaiset.fi\/matikaiset\/","og_site_name":"www.matikaiset.fi","article_modified_time":"2026-04-19T10:49:41+00:00","twitter_card":"summary_large_image","twitter_misc":{"Arvioitu lukuaika":"1 minuutti"},"schema":{"@context":"https:\/\/schema.org","@graph":[{"@type":"WebPage","@id":"https:\/\/www.matikaiset.fi\/matikaiset\/","url":"https:\/\/www.matikaiset.fi\/matikaiset\/","name":"Etusivu - www.matikaiset.fi","isPartOf":{"@id":"https:\/\/www.matikaiset.fi\/matikaiset\/#website"},"datePublished":"2020-03-02T19:00:05+00:00","dateModified":"2026-04-19T10:49:41+00:00","breadcrumb":{"@id":"https:\/\/www.matikaiset.fi\/matikaiset\/#breadcrumb"},"inLanguage":"fi","potentialAction":[{"@type":"ReadAction","target":["https:\/\/www.matikaiset.fi\/matikaiset\/"]}]},{"@type":"BreadcrumbList","@id":"https:\/\/www.matikaiset.fi\/matikaiset\/#breadcrumb","itemListElement":[{"@type":"ListItem","position":1,"name":"Home","item":"https:\/\/www.matikaiset.fi\/matikaiset\/"},{"@type":"ListItem","position":2,"name":"Etusivu"}]},{"@type":"WebSite","@id":"https:\/\/www.matikaiset.fi\/matikaiset\/#website","url":"https:\/\/www.matikaiset.fi\/matikaiset\/","name":"www.matikaiset.fi","description":"","publisher":{"@id":"https:\/\/www.matikaiset.fi\/matikaiset\/#organization"},"potentialAction":[{"@type":"SearchAction","target":{"@type":"EntryPoint","urlTemplate":"https:\/\/www.matikaiset.fi\/matikaiset\/?s={search_term_string}"},"query-input":{"@type":"PropertyValueSpecification","valueRequired":true,"valueName":"search_term_string"}}],"inLanguage":"fi"},{"@type":"Organization","@id":"https:\/\/www.matikaiset.fi\/matikaiset\/#organization","name":"www.matikaiset.fi","url":"https:\/\/www.matikaiset.fi\/matikaiset\/","logo":{"@type":"ImageObject","inLanguage":"fi","@id":"https:\/\/www.matikaiset.fi\/matikaiset\/#\/schema\/logo\/image\/","url":"https:\/\/www.matikaiset.fi\/matikaiset\/wp-content\/uploads\/2023\/04\/image-5.png","contentUrl":"https:\/\/www.matikaiset.fi\/matikaiset\/wp-content\/uploads\/2023\/04\/image-5.png","width":99,"height":133,"caption":"www.matikaiset.fi"},"image":{"@id":"https:\/\/www.matikaiset.fi\/matikaiset\/#\/schema\/logo\/image\/"}}]}},"_links":{"self":[{"href":"https:\/\/www.matikaiset.fi\/matikaiset\/index.php?rest_route=\/wp\/v2\/pages\/131","targetHints":{"allow":["GET"]}}],"collection":[{"href":"https:\/\/www.matikaiset.fi\/matikaiset\/index.php?rest_route=\/wp\/v2\/pages"}],"about":[{"href":"https:\/\/www.matikaiset.fi\/matikaiset\/index.php?rest_route=\/wp\/v2\/types\/page"}],"author":[{"embeddable":true,"href":"https:\/\/www.matikaiset.fi\/matikaiset\/index.php?rest_route=\/wp\/v2\/users\/1"}],"replies":[{"embeddable":true,"href":"https:\/\/www.matikaiset.fi\/matikaiset\/index.php?rest_route=%2Fwp%2Fv2%2Fcomments&post=131"}],"version-history":[{"count":5,"href":"https:\/\/www.matikaiset.fi\/matikaiset\/index.php?rest_route=\/wp\/v2\/pages\/131\/revisions"}],"predecessor-version":[{"id":1125,"href":"https:\/\/www.matikaiset.fi\/matikaiset\/index.php?rest_route=\/wp\/v2\/pages\/131\/revisions\/1125"}],"wp:attachment":[{"href":"https:\/\/www.matikaiset.fi\/matikaiset\/index.php?rest_route=%2Fwp%2Fv2%2Fmedia&parent=131"}],"curies":[{"name":"wp","href":"https:\/\/api.w.org\/{rel}","templated":true}]}}